et z be u(1). Let i(h) = 5*h**2 + h + 6. Let c be i(5). What is the greatest common factor of c and z?
17
Suppose -2*p - 2*q + 26 = 0, 5*p - q = 3*p + 20. Let g(f) = -11*f**3 - 4*f**2 - 4*f - 3. Let i be g(-2). What is the highest common divisor of p and i?
11
Let r(o) = -3*o - 2. Let j be r(-5). Let m = -3 - -8. Suppose -325 = -0*s - m*s. What is the highest common divisor of j and s?
13
Let v be (-48)/21 + (-4)/(-14). Let t = -26 + 52. Let f be v/8 + t/8. Calculate the highest common factor of 6 and f.
3
Let g = -91 - -161. Let t(l) = 0 + 4*l + 2*l + 4 + 0. Let z be t(4). What is the highest common factor of g and z?
14
Let a = -19 + 29. Let t = -8 - -12. What is the greatest common factor of a and t?
2
Let y(b) = b + 9. Let c be y(-7). Suppose -88 = -5*x + c. Let z(u) = 7*u**3 - 2*u**2 + 3*u. Let a be z(2). What is the greatest common divisor of a and x?
18
Suppose 2*a - 25 + 1 = 0. Let q be -28*(a/(-3))/2. Suppose 5*p - 44 = q. Calculate the greatest common divisor of p and 50.
10
Let b be -1*(-4)/(-8)*-12. Suppose -5*i + 6 = -4*i. What is the highest common factor of b and i?
6
Let z = 55 + -51. What is the highest common factor of z and 36?
4
Let i be (4 + 24)*1 - 3. Suppose n - 3 = i. Calculate the greatest common divisor of n and 4.
4
Suppose -4*w + 2*l + 340 = 0, -3*w + 3*l = -344 + 89. What is the highest common factor of 34 and w?
17
Suppose p - 35 = 9. Let u be (1/(-2))/((-2)/p). What is the highest common divisor of 11 and u?
11
Let s(l) = 8*l - 1 - 2 - 3*l. Let t be s(7). Calculate the highest common divisor of 48 and t.
16
Let c be 7 - 2*3/6. Suppose -v + 3 = -3*s - 3, 3*v + s - 58 = 0. What is the highest common divisor of c and v?
6
Let a be 36*(-2 + (-21)/(-9)). Calculate the highest common divisor of 60 and a.
12
Suppose 0 = -7*p + 2*p - t + 216, -5*t = 20. What is the greatest common divisor of p and 8?
4
Let f = 9 + -8. What is the highest common factor of f and 3?
1
Suppose 3*h - 78 = -18. What is the highest common factor of h and 200?
20
Suppose 3*h + 87 = 2*u + 27, 4*u = 5*h + 120. What is the greatest common factor of u and 30?
30
Suppose 4*x + 11 = -13. Let c be (-3)/(x/2) - -74. What is the highest common divisor of c and 30?
15
Suppose r + j - 4*j = -9, 0 = -3*j + 15. Let b be (-1 + 2)*(2 - -3). Suppose -b*i = -3*i - 30. What is the highest common divisor of i and r?
3
Let y be 304/10*20/8. Suppose y + 41 = 3*d. What is the highest common factor of d and 13?
13
Let y be (-5 - 689)/(1*-2). Suppose -4*l + y = -5. Let d be (-16)/(-6)*66/8. Calculate the greatest common divisor of d and l.
22
Suppose 5*j + 349 = 2*y, 258 = 4*y - 3*j - 405. Let x(v) = v**2 + 6*v + 2. Let k be x(-8). Calculate the highest common divisor of y and k.
18
Let l = -16 - 6. Let d = l + 31. What is the greatest common divisor of 36 and d?
9
Suppose 5*n = -0*y - y + 91, 0 = 4*n - 4*y - 68. Let u = 50 - n. Suppose -4*t + u = -20. Calculate the highest common factor of 26 and t.
13
Let g = -65 - -79. What is the greatest common factor of g and 154?
14
Let t be 18/30 + 3/(-5). Suppose -3*f + 4*p + 20 = t, f - 2*p = -0*f + 4. Suppose -10 = y - 94. Calculate the greatest common divisor of y and f.
12
Let b be ((-54)/1)/(195/(-260)). Let c(q) = 5*q - 2. Let r be c(2). Calculate the greatest common divisor of b and r.
8
Suppose -3*u - 40 = -5*u. Let d be (-96)/u*6*-5. Let r be (-6)/2 + 2 + 19. Calculate the greatest common factor of d and r.
18
Let i = 25 - 13. Let m = i + -3. What is the highest common factor of m and 45?
9
Suppose -16 = 5*f - 141. Let u = f - 18. What is the highest common factor of 70 and u?
7
Suppose 0 = -4*v + v + 48. Let k be 18/(-4)*v/(-6). What is the greatest common divisor of 132 and k?
12
Let q(o) = o**3 - 8*o**2 + 8*o + 2. Let j be q(7). Suppose j - 66 = -3*s. What is the greatest common factor of 19 and s?
19
Suppose 0 = -v - 3*k + 13 + 6, -14 = -2*v + 2*k. Suppose -2*b + 4*y - 6 + 2 = 0, 0 = 5*y - v. What is the greatest common factor of 6 and b?
2
Let r be (63/(-7))/((-3)/(-4)). Let s be 18*7*(-4)/r. Calculate the greatest common divisor of s and 28.
14
Suppose 0 = -m + 4 - 0. Suppose -c - 5*h + 40 = 0, 2*h - m*h = 4*c - 88. What is the greatest common divisor of 5 and c?
5
Let s = 8 - 3. Suppose s*a = 4*o + 15, 0 = 2*a - 5*o + 3*o - 4. What is the greatest common divisor of a and 21?
7
Suppose -v + 31 = 4*m, 2*v + 0*m = -4*m + 50. Calculate the highest common divisor of v and 19.
19
Let x(m) = 4*m + 28. Let i be x(-2). What is the greatest common factor of 8 and i?
4
Let g(t) = -t**3 + 9*t**2 + 2. Let a be g(7). What is the greatest common divisor of a and 40?
20
Suppose -65 = -6*g + g. Suppose -579 = -5*z + 351. Let y = z + -121. Calculate the greatest common factor of g and y.
13
Let c be 35/20*92/1. Let q be (c - -3) + -1 + 2. Calculate the highest common factor of 15 and q.
15
Suppose -5*i = -q - 65, -56 + 11 = -5*i - 3*q. Suppose 5*r = -0*r. Suppose 2*u - 2 - 58 = r. Calculate the greatest common factor of i and u.
6
Suppose 0*w = 2*w - 2*x + 10, 5*w + x + 1 = 0. Let o be w - (-1*23 + 1). Let g be (1 + o/(-15))*-10. Calculate the greatest common factor of g and 2.
2
Let y(g) = g - 2. Let o be y(6). Suppose -f + 3 + 1 = 0. Suppose -f*k + k - s + 16 = 0, 36 = o*k + 5*s. What is the highest common factor of k and 4?
4
Suppose -9 = -3*c + 108. What is the greatest common divisor of 39 and c?
39
Suppose 0 = 3*a - 2*c - 42, -1 + 10 = 2*a + 5*c. Suppose -6*v + 4*v + a = 0. Calculate the highest common divisor of 24 and v.
6
Let n = 101 - 59. Suppose 5*j + 5*f - 80 = 0, 3*f + 8 = 3*j - 2*j. What is the highest common factor of j and n?
14
Let j be (3*-6)/((-3)/3). Calculate the highest common factor of j and 6.
6
Let d = -9 + 9. Suppose d = 4*j - 3*j - 2. What is the greatest common divisor of j and 2?
2
Let z be (-2)/9 - 261/(-81). Let p be z - 8/(-6)*6. Calculate the greatest common factor of p and 110.
11
Let f be 19/4 - (-4)/16. Suppose f*q - 3 = 3*k + 13, 0 = -4*q + 20. Suppose 8 = u + 2. What is the greatest common divisor of k and u?
3
Suppose -12*b + 8*b + 8 = 0. Let l be 1 - (1 + -2) - -20. What is the greatest common factor of b and l?
2
Let h be (-279)/(-2) - (-1)/2. Let x = -36 + h. What is the greatest common factor of x and 13?
13
Suppose 2*r - 2 - 15 = -3*m, 2*m - 33 = 3*r. What is the highest common divisor of m and 63?
9
Suppose 3*y = -2*y + 75. What is the greatest common factor of y and 10?
5
Let z be (-8)/(-20) - (-32)/20. Calculate the greatest common divisor of 16 and z.
2
Suppose 0 = 3*s, 5*w = 2*w + 5*s + 15. Suppose -w*r + 87 = -193. Let l = 22 - 14. Calculate the greatest common divisor of r and l.
8
Let t(m) = -13*m - 3. Let y be t(-3). Let v(u) = -u**2 - 11*u - 6. Suppose 3*k + 10 + 8 = 0. Let l be v(k). Calculate the greatest common factor of l and y.
12
Let d = 6 - 4. Suppose 2*n + 0*i + 5*i - 111 = 0, 0 = 4*n + d*i - 262. What is the highest common divisor of n and 17?
17
Let u = -7 - -11. Suppose u*q + 350 - 90 = 5*r, -4*q = 3*r - 124. Suppose -r = -0*v - v. Calculate the highest common factor of 12 and v.
12
Let o = 42 - -49. Let v be (26/6)/((-5)/(-15)). What is the greatest common divisor of v and o?
13
Let s(w) = 14*w**2 + w + 1. Let o be s(-1). What is the greatest common factor of 35 and o?
7
Suppose 34 = -r + 12. Let p = r - -31. Calculate the highest common divisor of p and 9.
9
Let i be -5*1*-6*3. Let y(j) = -4*j**2 + 6*j**2 - 3*j**2 - 11*j**3. Let r be y(-1). What is the greatest common factor of i and r?
10
Let b be (-2 - -3) + 1 - -1. Suppose 5*z = 3*d - 16, 3*d + b*z = -0*z. What is the highest common factor of 22 and d?
2
Suppose 3*f - 7 = -z - 0*f, -3*z + 4*f + 8 = 0. Calculate the highest common factor of z and 2.
2
Let z = 5 + -3. Calculate the highest common factor of z and 18.
2
Suppose 0 = 4*c + 3*y - 188, 4*c - y = 3*y + 160. Calculate the highest common divisor of 66 and c.
22
Let m = -55 - -58. What is the highest common divisor of m and 15?
3
Suppose -k + 56 = -22. Let s be 3/(-9) + (-314)/(-6). What is the greatest common divisor of k and s?
26
Let l = 15 - 10. Let h be 222/l + 9/15. Calculate the highest common divisor of 9 and h.
9
Suppose 3*l - 50 - 1 = -3*q, -q = 5*l - 29. What is the highest common divisor of q and 42?
14
Let f be (3/(-2))/(1/(-20)). Let c 